Last updated on 2024-05-11 05:54:29 CEST.
Flavor | Version | Tinstall | Tcheck | Ttotal | Status | Flags |
---|---|---|---|---|---|---|
r-devel-linux-x86_64-debian-clang | 1.1.2 | 241.12 | 190.43 | 431.55 | NOTE | |
r-devel-linux-x86_64-debian-gcc | 1.1.2 | 209.80 | 154.66 | 364.46 | NOTE | |
r-devel-linux-x86_64-fedora-clang | 1.1.2 | 551.49 | NOTE | |||
r-devel-linux-x86_64-fedora-gcc | 1.1.2 | 793.48 | NOTE | |||
r-devel-windows-x86_64 | 1.1.2 | 189.00 | 191.00 | 380.00 | NOTE | |
r-patched-linux-x86_64 | 1.1.2 | 0.02 | 2.78 | 2.80 | ERROR | |
r-release-linux-x86_64 | 1.1.2 | 194.22 | 205.25 | 399.47 | NOTE | |
r-release-macos-arm64 | 1.1.2 | 143.00 | NOTE | |||
r-release-windows-x86_64 | 1.1.2 | 176.00 | 185.00 | 361.00 | NOTE | |
r-oldrel-macos-arm64 | 1.1.2 | 249.00 | NOTE | |||
r-oldrel-macos-x86_64 | 1.1.2 | 546.00 | NOTE | |||
r-oldrel-windows-x86_64 | 1.1.2 | 225.00 | 221.00 | 446.00 | NOTE |
Version: 1.1.2
Check: for GNU extensions in Makefiles
Result: NOTE
GNU make is a SystemRequirements.
Flavors: r-devel-linux-x86_64-debian-clang, r-devel-linux-x86_64-debian-gcc, r-devel-linux-x86_64-fedora-clang, r-devel-linux-x86_64-fedora-gcc, r-devel-windows-x86_64, r-release-linux-x86_64, r-release-macos-arm64, r-release-windows-x86_64, r-oldrel-macos-arm64, r-oldrel-macos-x86_64, r-oldrel-windows-x86_64
Version: 1.1.2
Check: whether package can be installed
Result: ERROR
Installation failed.
Flavor: r-patched-linux-x86_64
Version: 1.1.2
Check: installed package size
Result: NOTE
installed size is 54.7Mb
sub-directories of 1Mb or more:
libs 53.8Mb
Flavors: r-release-macos-arm64, r-oldrel-macos-arm64, r-oldrel-macos-x86_64