Last updated on 2024-05-06 00:02:42 CEST.
Flavor | Version | Tinstall | Tcheck | Ttotal | Status | Flags |
---|---|---|---|---|---|---|
r-devel-linux-x86_64-debian-clang | 1.1.5 | 89.72 | 65.01 | 154.73 | OK | |
r-devel-linux-x86_64-debian-gcc | 1.1.5 | 76.65 | 47.81 | 124.46 | OK | |
r-devel-linux-x86_64-fedora-clang | 1.1.5 | 219.18 | OK | |||
r-devel-linux-x86_64-fedora-gcc | 1.1.5 | 226.86 | OK | |||
r-devel-windows-x86_64 | 1.1.5 | 72.00 | 90.00 | 162.00 | OK | |
r-patched-linux-x86_64 | 1.1.5 | 103.13 | 62.00 | 165.13 | OK | |
r-release-linux-x86_64 | 1.1.5 | 94.74 | 62.21 | 156.95 | OK | |
r-release-macos-arm64 | 1.1.5 | 57.00 | NOTE | |||
r-release-windows-x86_64 | 1.1.5 | 76.00 | 90.00 | 166.00 | OK | |
r-oldrel-macos-arm64 | 1.1.5 | 65.00 | NOTE | |||
r-oldrel-macos-x86_64 | 1.1.5 | 110.00 | NOTE | |||
r-oldrel-windows-x86_64 | 1.1.5 | 93.00 | 103.00 | 196.00 | OK |
Version: 1.1.5
Check: installed package size
Result: NOTE
installed size is 13.5Mb
sub-directories of 1Mb or more:
libs 13.0Mb
Flavors: r-release-macos-arm64, r-oldrel-macos-arm64, r-oldrel-macos-x86_64