Last updated on 2024-05-04 11:48:18 CEST.
Flavor | Version | Tinstall | Tcheck | Ttotal | Status | Flags |
---|---|---|---|---|---|---|
r-devel-linux-x86_64-debian-clang | 4.9 | 6.57 | 59.95 | 66.52 | NOTE | |
r-devel-linux-x86_64-debian-gcc | 4.9 | 4.69 | 45.37 | 50.06 | NOTE | |
r-devel-linux-x86_64-fedora-clang | 4.9 | 85.21 | NOTE | |||
r-devel-linux-x86_64-fedora-gcc | 4.9 | 92.45 | NOTE | |||
r-devel-windows-x86_64 | 4.9 | 7.00 | 72.00 | 79.00 | NOTE | |
r-patched-linux-x86_64 | 4.9 | 6.73 | 59.13 | 65.86 | NOTE | |
r-release-linux-x86_64 | 4.9 | 6.54 | 58.22 | 64.76 | NOTE | |
r-release-macos-arm64 | 4.9 | 35.00 | NOTE | |||
r-release-windows-x86_64 | 4.9 | 5.00 | 71.00 | 76.00 | NOTE | |
r-oldrel-macos-arm64 | 4.9 | 35.00 | OK | |||
r-oldrel-macos-x86_64 | 4.9 | 53.00 | OK | |||
r-oldrel-windows-x86_64 | 4.9 | 7.00 | 73.00 | 80.00 | OK |
Version: 4.9
Check: Rd files
Result: NOTE
checkRd: (-1) durban.Rd:16: Lost braces; missing escapes or markup?
16 | This data set was obtained from the durban.rowcol {agridat} example in package 'agridat'
| ^
checkRd: (-1) fraction.Rd:30: Lost braces in \itemize; \value handles \item{}{} directly
checkRd: (-1) fraction.Rd:31-32: Lost braces in \itemize; \value handles \item{}{} directly
checkRd: (-1) fraction.Rd:33: Lost braces in \itemize; \value handles \item{}{} directly
Flavors: r-devel-linux-x86_64-debian-clang, r-devel-linux-x86_64-debian-gcc, r-devel-linux-x86_64-fedora-clang, r-devel-linux-x86_64-fedora-gcc, r-devel-windows-x86_64, r-patched-linux-x86_64, r-release-linux-x86_64, r-release-macos-arm64, r-release-windows-x86_64