Last updated on 2024-05-04 11:48:18 CEST.
Flavor | Version | Tinstall | Tcheck | Ttotal | Status | Flags |
---|---|---|---|---|---|---|
r-devel-linux-x86_64-debian-clang | 1.0.2 | 2.02 | 82.50 | 84.52 | NOTE | |
r-devel-linux-x86_64-debian-gcc | 1.0.2 | 1.91 | 58.00 | 59.91 | NOTE | |
r-devel-linux-x86_64-fedora-clang | 1.0.2 | 100.49 | NOTE | |||
r-devel-linux-x86_64-fedora-gcc | 1.0.2 | 98.09 | NOTE | |||
r-devel-windows-x86_64 | 1.0.2 | 3.00 | 81.00 | 84.00 | NOTE | |
r-patched-linux-x86_64 | 1.0.2 | 2.03 | 79.98 | 82.01 | NOTE | |
r-release-linux-x86_64 | 1.0.2 | 2.57 | 77.22 | 79.79 | NOTE | |
r-release-macos-arm64 | 1.0.2 | 33.00 | NOTE | |||
r-release-windows-x86_64 | 1.0.2 | 3.00 | 89.00 | 92.00 | NOTE | |
r-oldrel-macos-arm64 | 1.0.2 | 45.00 | NOTE | |||
r-oldrel-macos-x86_64 | 1.0.2 | 105.00 | NOTE | |||
r-oldrel-windows-x86_64 | 1.0.2 | 4.00 | 94.00 | 98.00 | NOTE |
Version: 1.0.2
Check: LazyData
Result: NOTE
'LazyData' is specified without a 'data' directory
Flavors: r-devel-linux-x86_64-debian-clang, r-devel-linux-x86_64-debian-gcc, r-devel-linux-x86_64-fedora-clang, r-devel-linux-x86_64-fedora-gcc, r-devel-windows-x86_64, r-patched-linux-x86_64, r-release-linux-x86_64, r-release-macos-arm64, r-release-windows-x86_64, r-oldrel-macos-arm64, r-oldrel-macos-x86_64, r-oldrel-windows-x86_64