Last updated on 2024-05-02 23:51:46 CEST.
Flavor | Version | Tinstall | Tcheck | Ttotal | Status | Flags |
---|---|---|---|---|---|---|
r-devel-linux-x86_64-debian-clang | 1.6 | 19.71 | 185.64 | 205.35 | OK | |
r-devel-linux-x86_64-debian-gcc | 1.6 | 16.29 | 134.32 | 150.61 | OK | |
r-devel-linux-x86_64-fedora-clang | 1.6 | 271.53 | NOTE | |||
r-devel-linux-x86_64-fedora-gcc | 1.6 | 241.12 | OK | |||
r-devel-windows-x86_64 | 1.6 | 21.00 | 144.00 | 165.00 | OK | |
r-patched-linux-x86_64 | 1.6 | 19.70 | 171.00 | 190.70 | OK | |
r-release-linux-x86_64 | 1.6 | 17.43 | 173.22 | 190.65 | OK | |
r-release-macos-arm64 | 1.6 | 60.00 | OK | |||
r-release-macos-x86_64 | 1.6 | 72.00 | OK | |||
r-release-windows-x86_64 | 1.6 | 20.00 | 140.00 | 160.00 | OK | |
r-oldrel-macos-arm64 | 1.6 | 50.00 | OK | |||
r-oldrel-macos-x86_64 | 1.6 | 77.00 | OK | |||
r-oldrel-windows-x86_64 | 1.6 | 23.00 | 177.00 | 200.00 | OK |
Version: 1.6
Check: Rd cross-references
Result: NOTE
Undeclared package ‘psych’ in Rd xrefs
Flavor: r-devel-linux-x86_64-fedora-clang