Last updated on 2024-05-13 05:52:26 CEST.
Flavor | Version | Tinstall | Tcheck | Ttotal | Status | Flags |
---|---|---|---|---|---|---|
r-devel-linux-x86_64-debian-clang | 0.1.0 | 9.74 | 78.23 | 87.97 | OK | |
r-devel-linux-x86_64-debian-gcc | 0.1.0 | 9.56 | 59.41 | 68.97 | OK | |
r-devel-linux-x86_64-fedora-clang | 0.1.0 | 121.81 | NOTE | |||
r-devel-linux-x86_64-fedora-gcc | 0.1.0 | 170.07 | NOTE | |||
r-devel-windows-x86_64 | 0.1.0 | 11.00 | 86.00 | 97.00 | OK | |
r-patched-linux-x86_64 | 0.1.0 | 10.26 | 74.25 | 84.51 | OK | |
r-release-linux-x86_64 | 0.1.0 | 11.61 | 74.78 | 86.39 | OK | |
r-release-macos-arm64 | 0.1.0 | 56.00 | OK | |||
r-release-windows-x86_64 | 0.1.0 | 11.00 | 86.00 | 97.00 | OK | |
r-oldrel-macos-arm64 | 0.1.0 | 56.00 | OK | |||
r-oldrel-macos-x86_64 | 0.1.0 | 78.00 | OK | |||
r-oldrel-windows-x86_64 | 0.1.0 | 13.00 | 92.00 | 105.00 | OK |
Version: 0.1.0
Check: dependencies in R code
Result: NOTE
Namespaces in Imports field not imported from:
‘CCA’ ‘brainR’ ‘elasticnet’
All declared Imports should be used.
Flavors: r-devel-linux-x86_64-fedora-clang, r-devel-linux-x86_64-fedora-gcc