Last updated on 2024-05-04 11:48:18 CEST.
Flavor | Version | Tinstall | Tcheck | Ttotal | Status | Flags |
---|---|---|---|---|---|---|
r-devel-linux-x86_64-debian-clang | 0.8.5 | 179.11 | 196.11 | 375.22 | NOTE | |
r-devel-linux-x86_64-debian-gcc | 0.8.5 | 168.51 | 159.38 | 327.89 | NOTE | |
r-devel-linux-x86_64-fedora-clang | 0.8.5 | 488.15 | NOTE | |||
r-devel-linux-x86_64-fedora-gcc | 0.8.5 | 305.85 | NOTE | |||
r-devel-windows-x86_64 | 0.8.5 | 141.00 | 177.00 | 318.00 | NOTE | |
r-patched-linux-x86_64 | 0.8.5 | 128.70 | 205.39 | 334.09 | NOTE | |
r-release-linux-x86_64 | 0.8.5 | 149.70 | 204.11 | 353.81 | NOTE | |
r-release-macos-arm64 | 0.8.5 | 121.00 | NOTE | |||
r-release-windows-x86_64 | 0.8.5 | 140.00 | 169.00 | 309.00 | NOTE | |
r-oldrel-macos-arm64 | 0.8.5 | 105.00 | NOTE | |||
r-oldrel-macos-x86_64 | 0.8.5 | 213.00 | NOTE | |||
r-oldrel-windows-x86_64 | 0.8.5 | 174.00 | 214.00 | 388.00 | NOTE |
Version: 0.8.5
Check: for GNU extensions in Makefiles
Result: NOTE
GNU make is a SystemRequirements.
Flavors: r-devel-linux-x86_64-debian-clang, r-devel-linux-x86_64-debian-gcc, r-devel-linux-x86_64-fedora-clang, r-devel-linux-x86_64-fedora-gcc, r-devel-windows-x86_64, r-patched-linux-x86_64, r-release-linux-x86_64, r-release-macos-arm64, r-release-windows-x86_64, r-oldrel-macos-arm64, r-oldrel-macos-x86_64, r-oldrel-windows-x86_64
Version: 0.8.5
Check: installed package size
Result: NOTE
installed size is 45.2Mb
sub-directories of 1Mb or more:
libs 44.9Mb
Flavors: r-release-macos-arm64, r-oldrel-macos-arm64, r-oldrel-macos-x86_64