Last updated on 2024-05-08 05:56:13 CEST.
Flavor | Version | Tinstall | Tcheck | Ttotal | Status | Flags |
---|---|---|---|---|---|---|
r-devel-linux-x86_64-debian-clang | 2.0.0 | 77.73 | 92.20 | 169.93 | OK | |
r-devel-linux-x86_64-debian-gcc | 2.0.0 | 63.37 | 70.44 | 133.81 | OK | |
r-devel-linux-x86_64-fedora-clang | 2.0.0 | 209.79 | OK | |||
r-devel-linux-x86_64-fedora-gcc | 2.0.0 | 297.63 | OK | |||
r-devel-windows-x86_64 | 2.0.0 | 59.00 | 106.00 | 165.00 | OK | |
r-patched-linux-x86_64 | 2.0.0 | 72.77 | 90.88 | 163.65 | OK | |
r-release-linux-x86_64 | 2.0.0 | 77.50 | 89.38 | 166.88 | OK | |
r-release-macos-arm64 | 2.0.0 | 50.00 | NOTE | |||
r-release-windows-x86_64 | 2.0.0 | 60.00 | 103.00 | 163.00 | OK | |
r-oldrel-macos-arm64 | 2.0.0 | 58.00 | NOTE | |||
r-oldrel-macos-x86_64 | 2.0.0 | 95.00 | NOTE | |||
r-oldrel-windows-x86_64 | 2.0.0 | 71.00 | 130.00 | 201.00 | OK |
Version: 2.0.0
Check: installed package size
Result: NOTE
installed size is 17.5Mb
sub-directories of 1Mb or more:
libs 17.3Mb
Flavors: r-release-macos-arm64, r-oldrel-macos-arm64, r-oldrel-macos-x86_64