Last updated on 2024-05-10 00:03:45 CEST.
Flavor | Version | Tinstall | Tcheck | Ttotal | Status | Flags |
---|---|---|---|---|---|---|
r-devel-linux-x86_64-debian-clang | 1.0.1 | 8.14 | 93.80 | 101.94 | NOTE | |
r-devel-linux-x86_64-debian-gcc | 1.0.1 | 5.68 | 68.10 | 73.78 | NOTE | |
r-devel-linux-x86_64-fedora-clang | 1.0.1 | 123.98 | NOTE | |||
r-devel-linux-x86_64-fedora-gcc | 1.0.1 | 194.86 | NOTE | |||
r-devel-windows-x86_64 | 1.0.1 | 8.00 | 115.00 | 123.00 | NOTE | |
r-patched-linux-x86_64 | 1.0.1 | 6.57 | 87.22 | 93.79 | NOTE | |
r-release-linux-x86_64 | 1.0.1 | 6.18 | 85.66 | 91.84 | NOTE | |
r-release-macos-arm64 | 1.0.1 | 45.00 | NOTE | |||
r-release-windows-x86_64 | 1.0.1 | 7.00 | 114.00 | 121.00 | NOTE | |
r-oldrel-macos-arm64 | 1.0.1 | 40.00 | NOTE | |||
r-oldrel-macos-x86_64 | 1.0.1 | 61.00 | NOTE | |||
r-oldrel-windows-x86_64 | 1.0.1 | 10.00 | 146.00 | 156.00 | NOTE |
Version: 1.0.1
Check: LazyData
Result: NOTE
'LazyData' is specified without a 'data' directory
Flavors: r-devel-linux-x86_64-debian-clang, r-devel-linux-x86_64-debian-gcc, r-devel-linux-x86_64-fedora-clang, r-devel-linux-x86_64-fedora-gcc, r-devel-windows-x86_64, r-patched-linux-x86_64, r-release-linux-x86_64, r-release-macos-arm64, r-release-windows-x86_64, r-oldrel-macos-arm64, r-oldrel-macos-x86_64, r-oldrel-windows-x86_64