Last updated on 2024-05-08 05:56:14 CEST.
Flavor | Version | Tinstall | Tcheck | Ttotal | Status | Flags |
---|---|---|---|---|---|---|
r-devel-linux-x86_64-debian-clang | 1.1.0 | 5.77 | 66.86 | 72.63 | NOTE | |
r-devel-linux-x86_64-debian-gcc | 1.1.0 | 4.08 | 50.03 | 54.11 | NOTE | |
r-devel-linux-x86_64-fedora-clang | 1.1.0 | 88.59 | NOTE | |||
r-devel-linux-x86_64-fedora-gcc | 1.1.0 | 139.40 | NOTE | |||
r-devel-windows-x86_64 | 1.1.0 | 6.00 | 65.00 | 71.00 | NOTE | |
r-patched-linux-x86_64 | 1.1.0 | 5.55 | 61.83 | 67.38 | NOTE | |
r-release-linux-x86_64 | 1.1.0 | 7.15 | 64.06 | 71.21 | NOTE | |
r-release-macos-arm64 | 1.1.0 | 28.00 | NOTE | |||
r-release-windows-x86_64 | 1.1.0 | 7.00 | 64.00 | 71.00 | NOTE | |
r-oldrel-macos-arm64 | 1.1.0 | 31.00 | NOTE | |||
r-oldrel-macos-x86_64 | 1.1.0 | 51.00 | NOTE | |||
r-oldrel-windows-x86_64 | 1.1.0 | 8.00 | 73.00 | 81.00 | NOTE |
Version: 1.1.0
Check: LazyData
Result: NOTE
'LazyData' is specified without a 'data' directory
Flavors: r-devel-linux-x86_64-debian-clang, r-devel-linux-x86_64-debian-gcc, r-devel-linux-x86_64-fedora-clang, r-devel-linux-x86_64-fedora-gcc, r-devel-windows-x86_64, r-patched-linux-x86_64, r-release-linux-x86_64, r-release-macos-arm64, r-release-windows-x86_64, r-oldrel-macos-arm64, r-oldrel-macos-x86_64, r-oldrel-windows-x86_64