Last updated on 2024-05-11 11:48:14 CEST.
Flavor | Version | Tinstall | Tcheck | Ttotal | Status | Flags |
---|---|---|---|---|---|---|
r-devel-linux-x86_64-debian-clang | 0.4.1 | 18.40 | 53.86 | 72.26 | OK | |
r-devel-linux-x86_64-debian-gcc | 0.4.1 | 15.38 | 43.90 | 59.28 | OK | |
r-devel-linux-x86_64-fedora-clang | 0.4.1 | 94.03 | NOTE | |||
r-devel-linux-x86_64-fedora-gcc | 0.4.1 | 108.25 | NOTE | |||
r-devel-windows-x86_64 | 0.4.1 | 15.00 | 64.00 | 79.00 | OK | |
r-patched-linux-x86_64 | 0.4.1 | 10.28 | 51.85 | 62.13 | OK | |
r-release-linux-x86_64 | 0.4.1 | 10.59 | 52.60 | 63.19 | OK | |
r-release-macos-arm64 | 0.4.1 | 38.00 | OK | |||
r-release-windows-x86_64 | 0.4.1 | 15.00 | 64.00 | 79.00 | OK | |
r-oldrel-macos-arm64 | 0.4.1 | 44.00 | OK | |||
r-oldrel-macos-x86_64 | 0.4.1 | 66.00 | OK | |||
r-oldrel-windows-x86_64 | 0.4.1 | 20.00 | 65.00 | 85.00 | OK |
Version: 0.4.1
Check: dependencies in R code
Result: NOTE
Namespace in Imports field not imported from: ‘devtools’
All declared Imports should be used.
Flavors: r-devel-linux-x86_64-fedora-clang, r-devel-linux-x86_64-fedora-gcc