Last updated on 2024-05-04 11:48:20 CEST.
Flavor | Version | Tinstall | Tcheck | Ttotal | Status | Flags |
---|---|---|---|---|---|---|
r-devel-linux-x86_64-debian-clang | 4.0.3 | 15.24 | 99.40 | 114.64 | OK | |
r-devel-linux-x86_64-debian-gcc | 4.0.3 | 11.19 | 72.95 | 84.14 | OK | |
r-devel-linux-x86_64-fedora-clang | 4.0.3 | 143.06 | NOTE | |||
r-devel-linux-x86_64-fedora-gcc | 4.0.3 | 145.02 | OK | |||
r-devel-windows-x86_64 | 4.0.3 | 13.00 | 95.00 | 108.00 | OK | |
r-patched-linux-x86_64 | 4.0.3 | 11.94 | 91.37 | 103.31 | OK | |
r-release-linux-x86_64 | 4.0.3 | 14.40 | 92.62 | 107.02 | OK | |
r-release-macos-arm64 | 4.0.3 | 50.00 | OK | |||
r-release-windows-x86_64 | 4.0.3 | 13.00 | 97.00 | 110.00 | OK | |
r-oldrel-macos-arm64 | 4.0.3 | 54.00 | OK | |||
r-oldrel-macos-x86_64 | 4.0.3 | 125.00 | OK | |||
r-oldrel-windows-x86_64 | 4.0.3 | 16.00 | 110.00 | 126.00 | OK |
Version: 4.0.3
Check: installed package size
Result: NOTE
installed size is 10.4Mb
sub-directories of 1Mb or more:
libs 9.8Mb
Flavor: r-devel-linux-x86_64-fedora-clang