Last updated on 2024-04-28 06:02:40 CEST.
Flavor | Version | Tinstall | Tcheck | Ttotal | Status | Flags |
---|---|---|---|---|---|---|
r-devel-linux-x86_64-debian-clang | 0.3.6 | 3.83 | 27.15 | 30.98 | NOTE | |
r-devel-linux-x86_64-debian-gcc | 0.3.6 | 2.63 | 20.55 | 23.18 | NOTE | |
r-devel-linux-x86_64-fedora-clang | 0.3.6 | 38.34 | NOTE | |||
r-devel-linux-x86_64-fedora-gcc | 0.3.6 | 35.82 | NOTE | |||
r-devel-windows-x86_64 | 0.3.6 | 4.00 | 43.00 | 47.00 | NOTE | |
r-patched-linux-x86_64 | 0.3.6 | 7.81 | 25.16 | 32.97 | NOTE | |
r-release-linux-x86_64 | 0.3.6 | 2.86 | 26.04 | 28.90 | NOTE | |
r-release-macos-arm64 | 0.3.6 | 19.00 | NOTE | |||
r-release-windows-x86_64 | 0.3.6 | 4.00 | 44.00 | 48.00 | NOTE | |
r-oldrel-macos-arm64 | 0.3.6 | 18.00 | NOTE | |||
r-oldrel-macos-x86_64 | 0.3.6 | 24.00 | NOTE | |||
r-oldrel-windows-x86_64 | 0.3.6 | 5.00 | 43.00 | 48.00 | NOTE |
Version: 0.3.6
Check: LazyData
Result: NOTE
'LazyData' is specified without a 'data' directory
Flavors: r-devel-linux-x86_64-debian-clang, r-devel-linux-x86_64-debian-gcc, r-devel-linux-x86_64-fedora-clang, r-devel-linux-x86_64-fedora-gcc, r-devel-windows-x86_64, r-patched-linux-x86_64, r-release-linux-x86_64, r-release-macos-arm64, r-release-windows-x86_64, r-oldrel-macos-arm64, r-oldrel-macos-x86_64, r-oldrel-windows-x86_64
Version: 0.3.6
Check: dependencies in R code
Result: NOTE
Namespaces in Imports field not imported from:
‘R6’ ‘dplyr’ ‘r6extended’
All declared Imports should be used.
Flavors: r-devel-linux-x86_64-fedora-clang, r-devel-linux-x86_64-fedora-gcc