Last updated on 2024-05-13 05:52:28 CEST.
Flavor | Version | Tinstall | Tcheck | Ttotal | Status | Flags |
---|---|---|---|---|---|---|
r-devel-linux-x86_64-debian-clang | 0.1.0 | 5.36 | 89.30 | 94.66 | NOTE | |
r-devel-linux-x86_64-debian-gcc | 0.1.0 | 3.60 | 65.06 | 68.66 | NOTE | |
r-devel-linux-x86_64-fedora-clang | 0.1.0 | 115.84 | NOTE | |||
r-devel-linux-x86_64-fedora-gcc | 0.1.0 | 154.29 | NOTE | |||
r-devel-windows-x86_64 | 0.1.0 | 6.00 | 78.00 | 84.00 | NOTE | |
r-patched-linux-x86_64 | 0.1.0 | 8.87 | 84.75 | 93.62 | NOTE | |
r-release-linux-x86_64 | 0.1.0 | 4.13 | 83.51 | 87.64 | NOTE | |
r-release-macos-arm64 | 0.1.0 | 41.00 | NOTE | |||
r-release-windows-x86_64 | 0.1.0 | 7.00 | 75.00 | 82.00 | NOTE | |
r-oldrel-macos-arm64 | 0.1.0 | 40.00 | NOTE | |||
r-oldrel-macos-x86_64 | 0.1.0 | 68.00 | NOTE | |||
r-oldrel-windows-x86_64 | 0.1.0 | 7.00 | 90.00 | 97.00 | NOTE |
Version: 0.1.0
Check: LazyData
Result: NOTE
'LazyData' is specified without a 'data' directory
Flavors: r-devel-linux-x86_64-debian-clang, r-devel-linux-x86_64-debian-gcc, r-devel-linux-x86_64-fedora-clang, r-devel-linux-x86_64-fedora-gcc, r-devel-windows-x86_64, r-patched-linux-x86_64, r-release-linux-x86_64, r-release-macos-arm64, r-release-windows-x86_64, r-oldrel-macos-arm64, r-oldrel-macos-x86_64, r-oldrel-windows-x86_64