Last updated on 2024-04-27 06:01:03 CEST.
Flavor | Version | Tinstall | Tcheck | Ttotal | Status | Flags |
---|---|---|---|---|---|---|
r-devel-linux-x86_64-debian-clang | 4.1.2 | 20.86 | 227.55 | 248.41 | NOTE | |
r-devel-linux-x86_64-debian-gcc | 4.1.2 | 18.85 | 164.14 | 182.99 | NOTE | |
r-devel-linux-x86_64-fedora-clang | 4.1.2 | 311.86 | NOTE | |||
r-devel-linux-x86_64-fedora-gcc | 4.1.2 | 303.90 | NOTE | |||
r-devel-windows-x86_64 | 4.1.2 | 22.00 | 203.00 | 225.00 | NOTE | |
r-patched-linux-x86_64 | 4.1.2 | 26.41 | 212.75 | 239.16 | NOTE | |
r-release-linux-x86_64 | 4.1.2 | 20.10 | 215.31 | 235.41 | OK | |
r-release-macos-arm64 | 4.1.2 | 78.00 | NOTE | |||
r-release-windows-x86_64 | 4.1.2 | 21.00 | 204.00 | 225.00 | NOTE | |
r-oldrel-macos-arm64 | 4.1.2 | 88.00 | OK | |||
r-oldrel-macos-x86_64 | 4.1.2 | 211.00 | OK | |||
r-oldrel-windows-x86_64 | 4.1.2 | 29.00 | 253.00 | 282.00 | OK |
Version: 4.1.2
Check: Rd files
Result: NOTE
checkRd: (-1) castles.dated.Rd:17-18: Lost braces in \itemize; meant \describe ?
checkRd: (-1) castles.dated.Rd:20: Lost braces in \itemize; meant \describe ?
checkRd: (-1) castles.nondated.Rd:16-17: Lost braces in \itemize; meant \describe ?
checkRd: (-1) castles.nondated.Rd:19: Lost braces in \itemize; meant \describe ?
checkRd: (-1) departments.Rd:13: Lost braces in \itemize; meant \describe ?
checkRd: (-1) departments.Rd:14: Lost braces in \itemize; meant \describe ?
checkRd: (-1) departments.Rd:15: Lost braces in \itemize; meant \describe ?
checkRd: (-1) departments.Rd:16: Lost braces in \itemize; meant \describe ?
checkRd: (-1) dspg.Rd:13: Lost braces in \itemize; meant \describe ?
checkRd: (-1) dspg.Rd:14: Lost braces in \itemize; meant \describe ?
checkRd: (-1) dspg.Rd:15: Lost braces in \itemize; meant \describe ?
checkRd: (-1) dspg.Rd:16: Lost braces in \itemize; meant \describe ?
checkRd: (-1) dspg.Rd:17: Lost braces in \itemize; meant \describe ?
checkRd: (-1) dspg.Rd:18: Lost braces in \itemize; meant \describe ?
checkRd: (-1) dspg.Rd:19: Lost braces in \itemize; meant \describe ?
checkRd: (-1) dspg.Rd:20: Lost braces in \itemize; meant \describe ?
checkRd: (-1) dspg.Rd:21: Lost braces in \itemize; meant \describe ?
checkRd: (-1) dspg.Rd:22: Lost braces in \itemize; meant \describe ?
checkRd: (-1) dspg.Rd:23: Lost braces in \itemize; meant \describe ?
checkRd: (-1) dspg.Rd:24: Lost braces in \itemize; meant \describe ?
checkRd: (-1) dspgd2015.Rd:15: Lost braces in \itemize; meant \describe ?
checkRd: (-1) dspgd2015.Rd:16: Lost braces in \itemize; meant \describe ?
checkRd: (-1) dspgd2015.Rd:17: Lost braces in \itemize; meant \describe ?
checkRd: (-1) dspgd2015.Rd:18: Lost braces in \itemize; meant \describe ?
checkRd: (-1) dspgd2015.Rd:19: Lost braces in \itemize; meant \describe ?
checkRd: (-1) dspgd2015.Rd:20: Lost braces in \itemize; meant \describe ?
checkRd: (-1) dspgd2015.Rd:21: Lost braces in \itemize; meant \describe ?
checkRd: (-1) dspgd2015.Rd:22: Lost braces in \itemize; meant \describe ?
checkRd: (-1) dspgd2015.Rd:23: Lost braces in \itemize; meant \describe ?
checkRd: (-1) dspgd2015.Rd:24: Lost braces in \itemize; meant \describe ?
checkRd: (-1) dspgd2015.Rd:25: Lost braces in \itemize; meant \describe ?
checkRd: (-1) dspgd2015.Rd:26: Lost braces in \itemize; meant \describe ?
checkRd: (-1) mtgplant1.Rd:14-23: Lost braces in \itemize; meant \describe ?
checkRd: (-1) mtgplant1.Rd:25: Lost braces in \itemize; meant \describe ?
checkRd: (-1) mtgplant1.Rd:27: Lost braces in \itemize; meant \describe ?
checkRd: (-1) mtgplant1.Rd:29-34: Lost braces in \itemize; meant \describe ?
checkRd: (-1) mtgplant1.Rd:36: Lost braces in \itemize; meant \describe ?
checkRd: (-1) mtgplant1.Rd:38: Lost braces in \itemize; meant \describe ?
checkRd: (-1) mtgplant2.Rd:14-23: Lost braces in \itemize; meant \describe ?
checkRd: (-1) mtgplant2.Rd:25: Lost braces in \itemize; meant \describe ?
checkRd: (-1) mtgplant2.Rd:27: Lost braces in \itemize; meant \describe ?
checkRd: (-1) mtgplant2.Rd:29-34: Lost braces in \itemize; meant \describe ?
checkRd: (-1) mtgplant2.Rd:36: Lost braces in \itemize; meant \describe ?
checkRd: (-1) mtgplant2.Rd:38: Lost braces in \itemize; meant \describe ?
checkRd: (-1) roseflowers.Rd:15-16: Lost braces in \itemize; meant \describe ?
checkRd: (-1) roseflowers.Rd:18: Lost braces in \itemize; meant \describe ?
checkRd: (-1) roseleaves.Rd:14-15: Lost braces in \itemize; meant \describe ?
checkRd: (-1) roseleaves.Rd:17: Lost braces in \itemize; meant \describe ?
checkRd: (-1) roseleaves.Rd:19: Lost braces in \itemize; meant \describe ?
checkRd: (-1) roseleaves.Rd:21: Lost braces in \itemize; meant \describe ?
checkRd: (-1) roses.Rd:13: Lost braces in \itemize; meant \describe ?
checkRd: (-1) roses.Rd:14: Lost braces in \itemize; meant \describe ?
checkRd: (-1) roses.Rd:15: Lost braces in \itemize; meant \describe ?
checkRd: (-1) roses.Rd:16: Lost braces in \itemize; meant \describe ?
checkRd: (-1) roses.Rd:17: Lost braces in \itemize; meant \describe ?
checkRd: (-1) roses.Rd:18: Lost braces in \itemize; meant \describe ?
checkRd: (-1) roses.Rd:19: Lost braces in \itemize; meant \describe ?
checkRd: (-1) roses.Rd:20: Lost braces in \itemize; meant \describe ?
checkRd: (-1) roses.Rd:21: Lost braces in \itemize; meant \describe ?
checkRd: (-1) roses.Rd:22: Lost braces in \itemize; meant \describe ?
checkRd: (-1) roses.Rd:23: Lost braces in \itemize; meant \describe ?
checkRd: (-1) roses.Rd:24: Lost braces in \itemize; meant \describe ?
checkRd: (-1) roses.Rd:25: Lost braces in \itemize; meant \describe ?
checkRd: (-1) roses.Rd:26: Lost braces in \itemize; meant \describe ?
checkRd: (-1) roses.Rd:27: Lost braces in \itemize; meant \describe ?
checkRd: (-1) roses.Rd:28: Lost braces in \itemize; meant \describe ?
checkRd: (-1) roses.Rd:29-30: Lost braces in \itemize; meant \describe ?
checkRd: (-1) varietyleaves.Rd:14-15: Lost braces in \itemize; meant \describe ?
checkRd: (-1) varietyleaves.Rd:17: Lost braces in \itemize; meant \describe ?
Flavors: r-devel-linux-x86_64-debian-clang, r-devel-linux-x86_64-debian-gcc, r-devel-linux-x86_64-fedora-clang, r-devel-linux-x86_64-fedora-gcc, r-devel-windows-x86_64, r-patched-linux-x86_64, r-release-macos-arm64, r-release-windows-x86_64
Version: 4.1.2
Check: data for non-ASCII characters
Result: NOTE
Note: found 4 marked Latin-1 strings
Note: found 21 marked UTF-8 strings
Flavors: r-devel-linux-x86_64-fedora-clang, r-devel-linux-x86_64-fedora-gcc