Last updated on 2024-05-11 05:54:32 CEST.
Flavor | Version | Tinstall | Tcheck | Ttotal | Status | Flags |
---|---|---|---|---|---|---|
r-devel-linux-x86_64-debian-clang | 0.10.0 | 13.03 | 268.51 | 281.54 | OK | |
r-devel-linux-x86_64-debian-gcc | 0.10.0 | 10.93 | 192.65 | 203.58 | OK | |
r-devel-linux-x86_64-fedora-clang | 0.10.0 | 344.91 | NOTE | |||
r-devel-linux-x86_64-fedora-gcc | 0.10.0 | 375.93 | OK | |||
r-devel-windows-x86_64 | 0.10.0 | 13.00 | 201.00 | 214.00 | OK | |
r-patched-linux-x86_64 | 0.10.0 | 20.04 | 253.16 | 273.20 | OK | |
r-release-linux-x86_64 | 0.10.0 | 12.91 | 239.21 | 252.12 | NOTE | |
r-release-macos-arm64 | 0.10.0 | 85.00 | OK | |||
r-release-macos-x86_64 | 0.10.0 | 259.00 | OK | |||
r-release-windows-x86_64 | 0.10.0 | 13.00 | 198.00 | 211.00 | OK | |
r-oldrel-macos-arm64 | 0.10.0 | 91.00 | OK | |||
r-oldrel-macos-x86_64 | 0.10.0 | 226.00 | OK | |||
r-oldrel-windows-x86_64 | 0.10.0 | 18.00 | 232.00 | 250.00 | OK |
Version: 0.10.0
Check: Rd cross-references
Result: NOTE
Undeclared package ‘performance’ in Rd xrefs
Flavor: r-devel-linux-x86_64-fedora-clang
Version: 0.10.0
Check: package dependencies
Result: NOTE
Package suggested but not available for checking: ‘rstanarm’
Flavor: r-release-linux-x86_64