Last updated on 2024-05-21 17:49:54 CEST.
Flavor | Version | Tinstall | Tcheck | Ttotal | Status | Flags |
---|---|---|---|---|---|---|
r-devel-linux-x86_64-debian-clang | 0.5.1 | 6.36 | 91.06 | 97.42 | OK | |
r-devel-linux-x86_64-debian-gcc | 0.5.1 | 4.98 | 71.34 | 76.32 | OK | |
r-devel-linux-x86_64-fedora-clang | 0.5.1 | 129.86 | NOTE | |||
r-devel-linux-x86_64-fedora-gcc | 0.5.1 | 120.30 | NOTE | |||
r-devel-windows-x86_64 | 0.5.1 | 7.00 | 95.00 | 102.00 | OK | |
r-patched-linux-x86_64 | 0.5.1 | 4.41 | 86.25 | 90.66 | OK | |
r-release-linux-x86_64 | 0.5.1 | 6.22 | 88.42 | 94.64 | OK | |
r-release-macos-arm64 | 0.5.1 | 42.00 | OK | |||
r-release-windows-x86_64 | 0.5.1 | 7.00 | 94.00 | 101.00 | OK | |
r-oldrel-macos-arm64 | 0.5.1 | 47.00 | OK | |||
r-oldrel-macos-x86_64 | 0.5.1 | 107.00 | OK | |||
r-oldrel-windows-x86_64 | 0.5.1 | 9.00 | 108.00 | 117.00 | OK |
Version: 0.5.1
Check: data for non-ASCII characters
Result: NOTE
Note: found 54339 marked UTF-8 strings
Flavors: r-devel-linux-x86_64-fedora-clang, r-devel-linux-x86_64-fedora-gcc