Last updated on 2024-05-11 11:48:14 CEST.
Flavor | Version | Tinstall | Tcheck | Ttotal | Status | Flags |
---|---|---|---|---|---|---|
r-devel-linux-x86_64-debian-clang | 0.2.1 | 20.63 | 336.41 | 357.04 | OK | |
r-devel-linux-x86_64-debian-gcc | 0.2.1 | 18.19 | 242.46 | 260.65 | OK | |
r-devel-linux-x86_64-fedora-clang | 0.2.1 | 469.04 | NOTE | |||
r-devel-linux-x86_64-fedora-gcc | 0.2.1 | 495.87 | OK | |||
r-devel-windows-x86_64 | 0.2.1 | 22.00 | 275.00 | 297.00 | NOTE | |
r-patched-linux-x86_64 | 0.2.1 | 23.56 | 322.40 | 345.96 | OK | |
r-release-linux-x86_64 | 0.2.1 | 19.16 | 321.20 | 340.36 | OK | |
r-release-macos-arm64 | 0.2.1 | 118.00 | NOTE | |||
r-release-macos-x86_64 | 0.2.1 | 193.00 | NOTE | |||
r-release-windows-x86_64 | 0.2.1 | 22.00 | 271.00 | 293.00 | NOTE | |
r-oldrel-macos-arm64 | 0.2.1 | 117.00 | NOTE | |||
r-oldrel-macos-x86_64 | 0.2.1 | 200.00 | NOTE | |||
r-oldrel-windows-x86_64 | 0.2.1 | 27.00 | 329.00 | 356.00 | NOTE |
Version: 0.2.1
Check: installed package size
Result: NOTE
installed size is 5.4Mb
sub-directories of 1Mb or more:
data 4.2Mb
Flavors: r-devel-linux-x86_64-fedora-clang, r-devel-windows-x86_64, r-release-macos-arm64, r-release-macos-x86_64, r-release-windows-x86_64, r-oldrel-macos-arm64, r-oldrel-macos-x86_64, r-oldrel-windows-x86_64