Last updated on 2024-05-11 11:48:14 CEST.
Flavor | Version | Tinstall | Tcheck | Ttotal | Status | Flags |
---|---|---|---|---|---|---|
r-devel-linux-x86_64-debian-clang | 0.1.1 | 5.99 | 122.59 | 128.58 | OK | |
r-devel-linux-x86_64-debian-gcc | 0.1.1 | 4.66 | 88.84 | 93.50 | OK | |
r-devel-linux-x86_64-fedora-clang | 0.1.1 | 161.12 | NOTE | |||
r-devel-linux-x86_64-fedora-gcc | 0.1.1 | 184.19 | NOTE | |||
r-devel-windows-x86_64 | 0.1.1 | 8.00 | 108.00 | 116.00 | OK | |
r-patched-linux-x86_64 | 0.1.1 | 7.72 | 117.15 | 124.87 | OK | |
r-release-linux-x86_64 | 0.1.1 | 5.38 | 113.35 | 118.73 | OK | |
r-release-macos-arm64 | 0.1.1 | 52.00 | OK | |||
r-release-windows-x86_64 | 0.1.1 | 8.00 | 108.00 | 116.00 | OK | |
r-oldrel-macos-arm64 | 0.1.1 | 57.00 | OK | |||
r-oldrel-macos-x86_64 | 0.1.1 | 87.00 | OK | |||
r-oldrel-windows-x86_64 | 0.1.1 | 10.00 | 121.00 | 131.00 | OK |
Version: 0.1.1
Check: data for non-ASCII characters
Result: NOTE
Note: found 53 marked UTF-8 strings
Flavors: r-devel-linux-x86_64-fedora-clang, r-devel-linux-x86_64-fedora-gcc