Last updated on 2024-05-08 05:56:15 CEST.
Flavor | Version | Tinstall | Tcheck | Ttotal | Status | Flags |
---|---|---|---|---|---|---|
r-devel-linux-x86_64-debian-clang | 0.0.1 | 25.40 | 82.77 | 108.17 | NOTE | |
r-devel-linux-x86_64-debian-gcc | 0.0.1 | 19.93 | 62.54 | 82.47 | NOTE | |
r-devel-linux-x86_64-fedora-clang | 0.0.1 | 147.70 | NOTE | |||
r-devel-linux-x86_64-fedora-gcc | 0.0.1 | 197.10 | NOTE | |||
r-devel-windows-x86_64 | 0.0.1 | 25.00 | 95.00 | 120.00 | NOTE | |
r-patched-linux-x86_64 | 0.0.1 | 26.90 | 77.11 | 104.01 | NOTE | |
r-release-linux-x86_64 | 0.0.1 | 28.21 | 79.47 | 107.68 | NOTE | |
r-release-macos-arm64 | 0.0.1 | 39.00 | NOTE | |||
r-release-windows-x86_64 | 0.0.1 | 26.00 | 95.00 | 121.00 | NOTE | |
r-oldrel-macos-arm64 | 0.0.1 | 45.00 | NOTE | |||
r-oldrel-macos-x86_64 | 0.0.1 | 71.00 | NOTE | |||
r-oldrel-windows-x86_64 | 0.0.1 | 25.00 | 116.00 | 141.00 | NOTE |
Version: 0.0.1
Check: LazyData
Result: NOTE
'LazyData' is specified without a 'data' directory
Flavors: r-devel-linux-x86_64-debian-clang, r-devel-linux-x86_64-debian-gcc, r-devel-linux-x86_64-fedora-clang, r-devel-linux-x86_64-fedora-gcc, r-devel-windows-x86_64, r-patched-linux-x86_64, r-release-linux-x86_64, r-release-macos-arm64, r-release-windows-x86_64, r-oldrel-macos-arm64, r-oldrel-macos-x86_64, r-oldrel-windows-x86_64