Last updated on 2024-05-10 00:03:48 CEST.
Flavor | Version | Tinstall | Tcheck | Ttotal | Status | Flags |
---|---|---|---|---|---|---|
r-devel-linux-x86_64-debian-clang | 0.1.0 | 21.01 | 125.19 | 146.20 | OK | |
r-devel-linux-x86_64-debian-gcc | 0.1.0 | 18.17 | 89.81 | 107.98 | OK | |
r-devel-linux-x86_64-fedora-clang | 0.1.0 | 180.33 | NOTE | |||
r-devel-linux-x86_64-fedora-gcc | 0.1.0 | 226.61 | NOTE | |||
r-devel-windows-x86_64 | 0.1.0 | 21.00 | 104.00 | 125.00 | OK | |
r-patched-linux-x86_64 | 0.1.0 | 14.89 | 116.61 | 131.50 | OK | |
r-release-linux-x86_64 | 0.1.0 | 22.94 | 112.99 | 135.93 | OK | |
r-release-macos-arm64 | 0.1.0 | 53.00 | OK | |||
r-release-windows-x86_64 | 0.1.0 | 20.00 | 105.00 | 125.00 | OK | |
r-oldrel-macos-arm64 | 0.1.0 | 56.00 | OK | |||
r-oldrel-macos-x86_64 | 0.1.0 | 89.00 | OK | |||
r-oldrel-windows-x86_64 | 0.1.0 | 27.00 | 127.00 | 154.00 | OK |
Version: 0.1.0
Check: data for non-ASCII characters
Result: NOTE
Note: found 8014 marked UTF-8 strings
Flavors: r-devel-linux-x86_64-fedora-clang, r-devel-linux-x86_64-fedora-gcc