Last updated on 2024-05-11 05:54:33 CEST.
Flavor | Version | Tinstall | Tcheck | Ttotal | Status | Flags |
---|---|---|---|---|---|---|
r-devel-linux-x86_64-debian-clang | 0.0.1 | 2.91 | 50.26 | 53.17 | OK | |
r-devel-linux-x86_64-debian-gcc | 0.0.1 | 1.70 | 36.67 | 38.37 | OK | |
r-devel-linux-x86_64-fedora-clang | 0.0.1 | 68.54 | NOTE | |||
r-devel-linux-x86_64-fedora-gcc | 0.0.1 | 82.90 | NOTE | |||
r-devel-windows-x86_64 | 0.0.1 | 5.00 | 60.00 | 65.00 | OK | |
r-patched-linux-x86_64 | 0.0.1 | 1.99 | 47.67 | 49.66 | OK | |
r-release-linux-x86_64 | 0.0.1 | 3.07 | 48.23 | 51.30 | OK | |
r-release-macos-arm64 | 0.0.1 | 31.00 | OK | |||
r-release-windows-x86_64 | 0.0.1 | 5.00 | 62.00 | 67.00 | OK | |
r-oldrel-macos-arm64 | 0.0.1 | 31.00 | OK | |||
r-oldrel-macos-x86_64 | 0.0.1 | 46.00 | OK | |||
r-oldrel-windows-x86_64 | 0.0.1 | 5.00 | 73.00 | 78.00 | OK |
Version: 0.0.1
Check: dependencies in R code
Result: NOTE
Namespaces in Imports field not imported from:
‘dplyr’ ‘readr’
All declared Imports should be used.
Flavors: r-devel-linux-x86_64-fedora-clang, r-devel-linux-x86_64-fedora-gcc