Last updated on 2024-05-02 23:51:49 CEST.
Flavor | Version | Tinstall | Tcheck | Ttotal | Status | Flags |
---|---|---|---|---|---|---|
r-devel-linux-x86_64-debian-clang | 4.6.20 | 19.61 | 175.34 | 194.95 | OK | |
r-devel-linux-x86_64-debian-gcc | 4.6.21 | 21.96 | 146.23 | 168.19 | OK | |
r-devel-linux-x86_64-fedora-clang | 4.6.21 | 296.48 | OK | |||
r-devel-linux-x86_64-fedora-gcc | 4.6.21 | 283.42 | OK | |||
r-devel-windows-x86_64 | 4.6.21 | 25.00 | 202.00 | 227.00 | OK | |
r-patched-linux-x86_64 | 4.6.21 | 21.15 | 187.34 | 208.49 | OK | |
r-release-linux-x86_64 | 4.6.20 | 19.39 | 165.89 | 185.28 | OK | |
r-release-macos-arm64 | 4.6.21 | 90.00 | NOTE | |||
r-release-macos-x86_64 | 4.6.21 | 208.00 | NOTE | |||
r-release-windows-x86_64 | 4.6.21 | 28.00 | 213.00 | 241.00 | OK | |
r-oldrel-macos-arm64 | 4.6.21 | 98.00 | NOTE | |||
r-oldrel-macos-x86_64 | 4.6.21 | 228.00 | NOTE | |||
r-oldrel-windows-x86_64 | 4.6.21 | 34.00 | 230.00 | 264.00 | OK |
Version: 4.6.21
Check: installed package size
Result: NOTE
installed size is 5.7Mb
sub-directories of 1Mb or more:
data 4.7Mb
Flavors: r-release-macos-arm64, r-release-macos-x86_64, r-oldrel-macos-arm64, r-oldrel-macos-x86_64