Last updated on 2024-05-05 11:53:36 CEST.
Flavor | Version | Tinstall | Tcheck | Ttotal | Status | Flags |
---|---|---|---|---|---|---|
r-devel-linux-x86_64-debian-clang | 0.1.0 | 2.07 | 29.49 | 31.56 | NOTE | |
r-devel-linux-x86_64-debian-gcc | 0.1.0 | 2.02 | 22.59 | 24.61 | NOTE | |
r-devel-linux-x86_64-fedora-clang | 0.1.0 | 41.92 | NOTE | |||
r-devel-linux-x86_64-fedora-gcc | 0.1.0 | 39.73 | NOTE | |||
r-devel-windows-x86_64 | 0.1.0 | 4.00 | 45.00 | 49.00 | NOTE | |
r-patched-linux-x86_64 | 0.1.0 | 2.39 | 28.91 | 31.30 | NOTE | |
r-release-linux-x86_64 | 0.1.0 | 2.37 | 28.72 | 31.09 | NOTE | |
r-release-macos-arm64 | 0.1.0 | 15.00 | NOTE | |||
r-release-windows-x86_64 | 0.1.0 | 4.00 | 44.00 | 48.00 | NOTE | |
r-oldrel-macos-arm64 | 0.1.0 | 17.00 | OK | |||
r-oldrel-macos-x86_64 | 0.1.0 | 23.00 | OK | |||
r-oldrel-windows-x86_64 | 0.1.0 | 4.00 | 43.00 | 47.00 | OK |
Version: 0.1.0
Check: Rd files
Result: NOTE
checkRd: (-1) Produc.Rd:13: Lost braces in \itemize; meant \describe ?
checkRd: (-1) Produc.Rd:14: Lost braces in \itemize; meant \describe ?
checkRd: (-1) Produc.Rd:15: Lost braces in \itemize; meant \describe ?
checkRd: (-1) Produc.Rd:16: Lost braces in \itemize; meant \describe ?
checkRd: (-1) Produc.Rd:17: Lost braces in \itemize; meant \describe ?
checkRd: (-1) Produc.Rd:18: Lost braces in \itemize; meant \describe ?
checkRd: (-1) Produc.Rd:19: Lost braces in \itemize; meant \describe ?
checkRd: (-1) Produc.Rd:20: Lost braces in \itemize; meant \describe ?
checkRd: (-1) Produc.Rd:21: Lost braces in \itemize; meant \describe ?
checkRd: (-1) Produc.Rd:22: Lost braces in \itemize; meant \describe ?
Flavors: r-devel-linux-x86_64-debian-clang, r-devel-linux-x86_64-debian-gcc, r-devel-linux-x86_64-fedora-clang, r-devel-linux-x86_64-fedora-gcc, r-devel-windows-x86_64, r-patched-linux-x86_64, r-release-linux-x86_64, r-release-macos-arm64, r-release-windows-x86_64