Last updated on 2024-05-13 05:52:30 CEST.
Flavor | Version | Tinstall | Tcheck | Ttotal | Status | Flags |
---|---|---|---|---|---|---|
r-devel-linux-x86_64-debian-clang | 1.0.0 | 17.66 | 399.90 | 417.56 | OK | |
r-devel-linux-x86_64-debian-gcc | 1.0.0 | 12.78 | 324.45 | 337.23 | OK | |
r-devel-linux-x86_64-fedora-clang | 1.0.0 | 483.75 | NOTE | |||
r-devel-linux-x86_64-fedora-gcc | 1.0.0 | 486.00 | NOTE | |||
r-devel-windows-x86_64 | 1.0.0 | 15.00 | 255.00 | 270.00 | OK | |
r-patched-linux-x86_64 | 1.0.0 | 12.04 | 404.98 | 417.02 | OK | |
r-release-linux-x86_64 | 1.0.0 | 11.35 | 399.39 | 410.74 | OK | |
r-release-macos-arm64 | 1.0.0 | 155.00 | OK | |||
r-release-windows-x86_64 | 1.0.0 | 15.00 | 255.00 | 270.00 | OK | |
r-oldrel-macos-arm64 | 1.0.0 | 172.00 | OK | |||
r-oldrel-macos-x86_64 | 1.0.0 | 351.00 | OK | |||
r-oldrel-windows-x86_64 | 1.0.0 | 20.00 | 326.00 | 346.00 | OK |
Version: 1.0.0
Check: dependencies in R code
Result: NOTE
Namespaces in Imports field not imported from:
‘forcats’ ‘rqPen’ ‘utils’
All declared Imports should be used.
Flavors: r-devel-linux-x86_64-fedora-clang, r-devel-linux-x86_64-fedora-gcc