Last updated on 2024-05-09 17:51:26 CEST.
Flavor | Version | Tinstall | Tcheck | Ttotal | Status | Flags |
---|---|---|---|---|---|---|
r-devel-linux-x86_64-debian-clang | 1.0.2 | 52.14 | 201.34 | 253.48 | NOTE | |
r-devel-linux-x86_64-debian-gcc | 1.0.2 | 34.98 | 151.31 | 186.29 | NOTE | |
r-devel-linux-x86_64-fedora-clang | 1.0.2 | 321.00 | NOTE | |||
r-devel-linux-x86_64-fedora-gcc | 1.0.2 | 378.56 | NOTE | |||
r-devel-windows-x86_64 | 1.0.2 | 39.00 | 173.00 | 212.00 | NOTE | |
r-patched-linux-x86_64 | 1.0.2 | 41.72 | 197.50 | 239.22 | NOTE | |
r-release-linux-x86_64 | 1.0.2 | 34.65 | 192.56 | 227.21 | NOTE | |
r-release-macos-arm64 | 1.0.2 | 88.00 | NOTE | |||
r-release-windows-x86_64 | 1.0.2 | 39.00 | 168.00 | 207.00 | NOTE | |
r-oldrel-macos-arm64 | 1.0.2 | 101.00 | NOTE | |||
r-oldrel-macos-x86_64 | 1.0.2 | 160.00 | NOTE | |||
r-oldrel-windows-x86_64 | 1.0.2 | 46.00 | 214.00 | 260.00 | NOTE |
Version: 1.0.2
Check: package dependencies
Result: NOTE
Package suggested but not available for checking: ‘exuberdata’
Flavors: r-devel-linux-x86_64-debian-clang, r-devel-linux-x86_64-debian-gcc, r-devel-linux-x86_64-fedora-clang, r-devel-linux-x86_64-fedora-gcc, r-devel-windows-x86_64, r-patched-linux-x86_64, r-release-linux-x86_64, r-release-macos-arm64, r-release-windows-x86_64, r-oldrel-macos-arm64, r-oldrel-macos-x86_64, r-oldrel-windows-x86_64