Last updated on 2024-05-13 05:52:31 CEST.
Flavor | Version | Tinstall | Tcheck | Ttotal | Status | Flags |
---|---|---|---|---|---|---|
r-devel-linux-x86_64-debian-clang | 0.4.5 | 10.51 | 82.09 | 92.60 | OK | |
r-devel-linux-x86_64-debian-gcc | 0.4.5 | 6.52 | 61.65 | 68.17 | OK | |
r-devel-linux-x86_64-fedora-clang | 0.4.5 | 119.60 | NOTE | |||
r-devel-linux-x86_64-fedora-gcc | 0.4.5 | 149.92 | OK | |||
r-devel-windows-x86_64 | 0.4.5 | 9.00 | 88.00 | 97.00 | OK | |
r-patched-linux-x86_64 | 0.4.5 | 8.73 | 77.79 | 86.52 | OK | |
r-release-linux-x86_64 | 0.4.5 | 9.11 | 79.36 | 88.47 | OK | |
r-release-macos-arm64 | 0.4.5 | 32.00 | OK | |||
r-release-windows-x86_64 | 0.4.5 | 11.00 | 87.00 | 98.00 | OK | |
r-oldrel-macos-arm64 | 0.4.5 | 36.00 | OK | |||
r-oldrel-macos-x86_64 | 0.4.5 | 57.00 | OK | |||
r-oldrel-windows-x86_64 | 0.4.5 | 10.00 | 97.00 | 107.00 | OK |
Version: 0.4.5
Check: Rd cross-references
Result: NOTE
Undeclared package ‘chillR’ in Rd xrefs
Flavor: r-devel-linux-x86_64-fedora-clang