Last updated on 2024-05-21 11:53:33 CEST.
Flavor | Version | Tinstall | Tcheck | Ttotal | Status | Flags |
---|---|---|---|---|---|---|
r-devel-linux-x86_64-debian-clang | 0.4.0 | 10.33 | 100.08 | 110.41 | OK | |
r-devel-linux-x86_64-debian-gcc | 0.4.0 | 7.26 | 72.80 | 80.06 | OK | |
r-devel-linux-x86_64-fedora-clang | 0.4.0 | 136.73 | NOTE | |||
r-devel-linux-x86_64-fedora-gcc | 0.4.0 | 140.29 | OK | |||
r-devel-windows-x86_64 | 0.4.0 | 9.00 | 92.00 | 101.00 | OK | |
r-patched-linux-x86_64 | 0.4.0 | 9.40 | 95.42 | 104.82 | OK | |
r-release-linux-x86_64 | 0.4.0 | 8.66 | 94.86 | 103.52 | OK | |
r-release-macos-arm64 | 0.4.0 | 46.00 | OK | |||
r-release-macos-x86_64 | 0.4.0 | 134.00 | OK | |||
r-release-windows-x86_64 | 0.4.0 | 9.00 | 92.00 | 101.00 | OK | |
r-oldrel-macos-arm64 | 0.4.0 | 48.00 | OK | |||
r-oldrel-macos-x86_64 | 0.4.0 | 104.00 | OK | |||
r-oldrel-windows-x86_64 | 0.4.0 | 11.00 | 109.00 | 120.00 | OK |
Version: 0.4.0
Check: Rd cross-references
Result: NOTE
Undeclared package ‘purrr’ in Rd xrefs
Flavor: r-devel-linux-x86_64-fedora-clang