Last updated on 2024-04-27 17:54:12 CEST.
Flavor | Version | Tinstall | Tcheck | Ttotal | Status | Flags |
---|---|---|---|---|---|---|
r-devel-linux-x86_64-debian-clang | 1.5.0-9.1 | 51.66 | 394.08 | 445.74 | NOTE | |
r-devel-linux-x86_64-debian-gcc | 1.5.0-9.1 | 39.33 | 267.32 | 306.65 | NOTE | |
r-devel-linux-x86_64-fedora-clang | 1.5.0-9.1 | 527.74 | NOTE | |||
r-devel-linux-x86_64-fedora-gcc | 1.5.0-9.1 | 505.94 | NOTE | |||
r-devel-windows-x86_64 | 1.5.0-9.1 | 52.00 | 238.00 | 290.00 | NOTE | |
r-patched-linux-x86_64 | 1.5.0-9.1 | 46.33 | 357.61 | 403.94 | NOTE | |
r-release-linux-x86_64 | 1.5.0-9.1 | 54.25 | 359.16 | 413.41 | NOTE | |
r-release-macos-arm64 | 1.5.0-9.1 | 112.00 | NOTE | |||
r-release-windows-x86_64 | 1.5.0-9.1 | 52.00 | 241.00 | 293.00 | NOTE | |
r-oldrel-macos-arm64 | 1.5.0-9.1 | 116.00 | NOTE | |||
r-oldrel-macos-x86_64 | 1.5.0-9.1 | 222.00 | NOTE | |||
r-oldrel-windows-x86_64 | 1.5.0-9.1 | 68.00 | 325.00 | 393.00 | NOTE |
Version: 1.5.0-9.1
Check: C++ specification
Result: NOTE
Specified C++11: please drop specification unless essential
Flavors: r-devel-linux-x86_64-debian-clang, r-devel-linux-x86_64-debian-gcc, r-devel-linux-x86_64-fedora-clang, r-devel-linux-x86_64-fedora-gcc, r-devel-windows-x86_64, r-patched-linux-x86_64, r-release-linux-x86_64, r-release-macos-arm64, r-release-windows-x86_64, r-oldrel-macos-arm64, r-oldrel-macos-x86_64, r-oldrel-windows-x86_64
Version: 1.5.0-9.1
Check: installed package size
Result: NOTE
installed size is 5.1Mb
sub-directories of 1Mb or more:
extdata 3.0Mb
Flavor: r-oldrel-windows-x86_64