Last updated on 2024-05-01 23:52:18 CEST.
Flavor | Version | Tinstall | Tcheck | Ttotal | Status | Flags |
---|---|---|---|---|---|---|
r-devel-linux-x86_64-debian-clang | 0.2.1 | 32.95 | 522.31 | 555.26 | OK | |
r-devel-linux-x86_64-debian-gcc | 0.2.1 | 23.15 | 367.78 | 390.93 | OK | |
r-devel-linux-x86_64-fedora-clang | 0.2.1 | 703.66 | NOTE | |||
r-devel-linux-x86_64-fedora-gcc | 0.2.1 | 686.60 | NOTE | |||
r-devel-windows-x86_64 | 0.2.1 | 25.00 | 292.00 | 317.00 | OK | |
r-patched-linux-x86_64 | 0.2.1 | 24.29 | 490.27 | 514.56 | OK | |
r-release-linux-x86_64 | 0.2.1 | 21.50 | 488.64 | 510.14 | OK | |
r-release-macos-arm64 | 0.2.1 | 152.00 | OK | |||
r-release-windows-x86_64 | 0.2.1 | 25.00 | 294.00 | 319.00 | OK | |
r-oldrel-macos-arm64 | 0.2.1 | 96.00 | OK | |||
r-oldrel-macos-x86_64 | 0.2.1 | 231.00 | OK | |||
r-oldrel-windows-x86_64 | 0.2.1 | 34.00 | 415.00 | 449.00 | OK |
Version: 0.2.1
Check: data for non-ASCII characters
Result: NOTE
Note: found 646 marked UTF-8 strings
Flavors: r-devel-linux-x86_64-fedora-clang, r-devel-linux-x86_64-fedora-gcc