Last updated on 2024-05-21 17:49:58 CEST.
Flavor | Version | Tinstall | Tcheck | Ttotal | Status | Flags |
---|---|---|---|---|---|---|
r-devel-linux-x86_64-debian-clang | 2.2.0 | 30.35 | 118.30 | 148.65 | OK | |
r-devel-linux-x86_64-debian-gcc | 2.2.0 | 25.75 | 86.43 | 112.18 | OK | |
r-devel-linux-x86_64-fedora-clang | 2.2.0 | 186.55 | NOTE | |||
r-devel-linux-x86_64-fedora-gcc | 2.2.0 | 177.37 | NOTE | |||
r-devel-windows-x86_64 | 2.2.0 | 29.00 | 98.00 | 127.00 | OK | |
r-patched-linux-x86_64 | 2.2.0 | 30.70 | 111.28 | 141.98 | OK | |
r-release-linux-x86_64 | 2.2.0 | 30.03 | 111.38 | 141.41 | OK | |
r-release-macos-arm64 | 2.2.0 | 57.00 | OK | |||
r-release-windows-x86_64 | 2.2.0 | 28.00 | 98.00 | 126.00 | OK | |
r-oldrel-macos-arm64 | 2.2.0 | 65.00 | OK | |||
r-oldrel-macos-x86_64 | 2.2.0 | 136.00 | OK | |||
r-oldrel-windows-x86_64 | 2.2.0 | 36.00 | 122.00 | 158.00 | OK |
Version: 2.2.0
Check: data for non-ASCII characters
Result: NOTE
Note: found 1 marked UTF-8 string
Flavors: r-devel-linux-x86_64-fedora-clang, r-devel-linux-x86_64-fedora-gcc