Last updated on 2024-05-07 23:53:43 CEST.
Flavor | Version | Tinstall | Tcheck | Ttotal | Status | Flags |
---|---|---|---|---|---|---|
r-devel-linux-x86_64-debian-clang | 1.0.3 | 5.11 | 216.48 | 221.59 | OK | |
r-devel-linux-x86_64-debian-gcc | 1.0.3 | 3.64 | 156.87 | 160.51 | OK | |
r-devel-linux-x86_64-fedora-clang | 1.0.3 | 269.02 | NOTE | |||
r-devel-linux-x86_64-fedora-gcc | 1.0.3 | 267.43 | NOTE | |||
r-devel-windows-x86_64 | 1.0.3 | 5.00 | 179.00 | 184.00 | OK | |
r-patched-linux-x86_64 | 1.0.3 | 4.98 | 198.34 | 203.32 | OK | |
r-release-linux-x86_64 | 1.0.3 | 3.63 | 207.05 | 210.68 | OK | |
r-release-macos-arm64 | 1.0.3 | 76.00 | OK | |||
r-release-macos-x86_64 | 1.0.3 | 221.00 | OK | |||
r-release-windows-x86_64 | 1.0.3 | 6.00 | 175.00 | 181.00 | OK | |
r-oldrel-macos-arm64 | 1.0.3 | 117.00 | OK | |||
r-oldrel-macos-x86_64 | 1.0.3 | 300.00 | OK | |||
r-oldrel-windows-x86_64 | 1.0.3 | 6.00 | 231.00 | 237.00 | OK |
Version: 1.0.3
Check: data for non-ASCII characters
Result: NOTE
Note: found 2356 marked UTF-8 strings
Flavors: r-devel-linux-x86_64-fedora-clang, r-devel-linux-x86_64-fedora-gcc