Last updated on 2024-05-11 11:48:18 CEST.
Flavor | Version | Tinstall | Tcheck | Ttotal | Status | Flags |
---|---|---|---|---|---|---|
r-devel-linux-x86_64-debian-clang | 2.3.0 | 1610.12 | 211.30 | 1821.42 | NOTE | |
r-devel-linux-x86_64-debian-gcc | 2.3.0 | 1444.21 | 240.76 | 1684.97 | NOTE | |
r-devel-linux-x86_64-fedora-clang | 2.3.0 | 2225.19 | NOTE | |||
r-devel-linux-x86_64-fedora-gcc | 2.3.0 | 3398.34 | NOTE | |||
r-devel-windows-x86_64 | 2.3.0 | 1143.00 | 267.00 | 1410.00 | NOTE | |
r-patched-linux-x86_64 | 2.3.0 | 0.01 | 3.32 | 3.33 | ERROR | |
r-release-linux-x86_64 | 2.3.0 | 1339.32 | 314.65 | 1653.97 | NOTE | |
r-release-macos-arm64 | 2.3.0 | 567.00 | NOTE | |||
r-release-macos-x86_64 | 2.3.0 | 551.00 | NOTE | |||
r-release-windows-x86_64 | 2.3.0 | 1140.00 | 252.00 | 1392.00 | NOTE | |
r-oldrel-macos-arm64 | 2.3.0 | 597.00 | NOTE | |||
r-oldrel-macos-x86_64 | 2.3.0 | 477.00 | NOTE | |||
r-oldrel-windows-x86_64 | 2.3.0 | 1491.00 | 318.00 | 1809.00 | NOTE |
Version: 2.3.0
Check: for GNU extensions in Makefiles
Result: NOTE
GNU make is a SystemRequirements.
Flavors: r-devel-linux-x86_64-debian-clang, r-devel-linux-x86_64-debian-gcc, r-devel-linux-x86_64-fedora-clang, r-devel-linux-x86_64-fedora-gcc, r-devel-windows-x86_64, r-release-linux-x86_64, r-release-macos-arm64, r-release-macos-x86_64, r-release-windows-x86_64, r-oldrel-macos-arm64, r-oldrel-macos-x86_64, r-oldrel-windows-x86_64
Version: 2.3.0
Check: installed package size
Result: NOTE
installed size is 14.9Mb
sub-directories of 1Mb or more:
libs 13.2Mb
Flavors: r-devel-linux-x86_64-fedora-clang, r-devel-windows-x86_64, r-release-macos-arm64, r-release-macos-x86_64, r-release-windows-x86_64, r-oldrel-macos-arm64, r-oldrel-macos-x86_64, r-oldrel-windows-x86_64
Version: 2.3.0
Check: whether package can be installed
Result: ERROR
Installation failed.
Flavor: r-patched-linux-x86_64