Last updated on 2024-05-06 00:02:51 CEST.
Flavor | Version | Tinstall | Tcheck | Ttotal | Status | Flags |
---|---|---|---|---|---|---|
r-devel-linux-x86_64-debian-clang | 0.4.6 | 37.90 | 219.10 | 257.00 | NOTE | |
r-devel-linux-x86_64-debian-gcc | 0.4.6 | 30.55 | 201.56 | 232.11 | NOTE | |
r-devel-linux-x86_64-fedora-clang | 0.4.6 | 373.55 | NOTE | |||
r-devel-linux-x86_64-fedora-gcc | 0.4.6 | 345.05 | NOTE | |||
r-devel-windows-x86_64 | 0.4.6 | 32.00 | 190.00 | 222.00 | NOTE | |
r-patched-linux-x86_64 | 0.4.6 | 41.77 | 252.87 | 294.64 | NOTE | |
r-release-linux-x86_64 | 0.4.6 | 37.26 | 249.66 | 286.92 | NOTE | |
r-release-macos-arm64 | 0.4.6 | 85.00 | NOTE | |||
r-release-windows-x86_64 | 0.4.6 | 34.00 | 189.00 | 223.00 | NOTE | |
r-oldrel-macos-arm64 | 0.4.6 | 101.00 | NOTE | |||
r-oldrel-macos-x86_64 | 0.4.6 | 160.00 | NOTE | |||
r-oldrel-windows-x86_64 | 0.4.6 | 40.00 | 235.00 | 275.00 | NOTE |
Version: 0.4.6
Check: C++ specification
Result: NOTE
Specified C++11: please drop specification unless essential
Flavors: r-devel-linux-x86_64-debian-clang, r-devel-linux-x86_64-debian-gcc, r-devel-linux-x86_64-fedora-clang, r-devel-linux-x86_64-fedora-gcc, r-devel-windows-x86_64, r-patched-linux-x86_64, r-release-linux-x86_64, r-release-macos-arm64, r-release-windows-x86_64, r-oldrel-macos-arm64, r-oldrel-macos-x86_64, r-oldrel-windows-x86_64
Version: 0.4.6
Check: Rd files
Result: NOTE
checkRd: (-1) category.Rd:117-118: Lost braces in \enumerate; meant \describe ?
checkRd: (-1) category.Rd:119-120: Lost braces in \enumerate; meant \describe ?
checkRd: (-1) category.Rd:121: Lost braces in \enumerate; meant \describe ?
checkRd: (-1) category.Rd:122-123: Lost braces in \enumerate; meant \describe ?
Flavors: r-devel-linux-x86_64-debian-clang, r-devel-linux-x86_64-debian-gcc, r-devel-linux-x86_64-fedora-clang, r-devel-linux-x86_64-fedora-gcc, r-devel-windows-x86_64, r-patched-linux-x86_64, r-release-linux-x86_64, r-release-macos-arm64, r-release-windows-x86_64