Last updated on 2024-05-10 00:03:54 CEST.
Flavor | Version | Tinstall | Tcheck | Ttotal | Status | Flags |
---|---|---|---|---|---|---|
r-devel-linux-x86_64-debian-clang | 1.0.2 | 36.69 | 397.87 | 434.56 | OK | |
r-devel-linux-x86_64-debian-gcc | 1.0.2 | 35.82 | 284.93 | 320.75 | OK | |
r-devel-linux-x86_64-fedora-clang | 1.0.2 | 548.42 | NOTE | |||
r-devel-linux-x86_64-fedora-gcc | 1.0.2 | 672.29 | NOTE | |||
r-devel-windows-x86_64 | 1.0.2 | 34.00 | 240.00 | 274.00 | OK | |
r-patched-linux-x86_64 | 1.0.2 | 28.88 | 376.01 | 404.89 | OK | |
r-release-linux-x86_64 | 1.0.2 | 32.00 | 378.54 | 410.54 | OK | |
r-release-macos-arm64 | 1.0.2 | 120.00 | OK | |||
r-release-windows-x86_64 | 1.0.2 | 35.00 | 232.00 | 267.00 | OK | |
r-oldrel-macos-arm64 | 1.0.2 | 130.00 | OK | |||
r-oldrel-macos-x86_64 | 1.0.2 | 227.00 | OK | |||
r-oldrel-windows-x86_64 | 1.0.2 | 49.00 | 312.00 | 361.00 | OK |
Version: 1.0.2
Check: dependencies in R code
Result: NOTE
Namespace in Imports field not imported from: ‘methods’
All declared Imports should be used.
Flavors: r-devel-linux-x86_64-fedora-clang, r-devel-linux-x86_64-fedora-gcc