Last updated on 2024-05-09 17:51:30 CEST.
Flavor | Version | Tinstall | Tcheck | Ttotal | Status | Flags |
---|---|---|---|---|---|---|
r-devel-linux-x86_64-debian-clang | 0.2.0 | 7.10 | 128.14 | 135.24 | OK | |
r-devel-linux-x86_64-debian-gcc | 0.2.0 | 6.53 | 87.99 | 94.52 | OK | |
r-devel-linux-x86_64-fedora-clang | 0.2.0 | 167.53 | NOTE | |||
r-devel-linux-x86_64-fedora-gcc | 0.2.0 | 181.12 | NOTE | |||
r-devel-windows-x86_64 | 0.2.0 | 8.00 | 98.00 | 106.00 | OK | |
r-patched-linux-x86_64 | 0.2.0 | 7.52 | 120.45 | 127.97 | OK | |
r-release-linux-x86_64 | 0.2.0 | 8.18 | 118.79 | 126.97 | OK | |
r-release-macos-arm64 | 0.2.0 | 50.00 | OK | |||
r-release-macos-x86_64 | 0.2.0 | 164.00 | OK | |||
r-release-windows-x86_64 | 0.2.0 | 8.00 | 95.00 | 103.00 | OK | |
r-oldrel-macos-arm64 | 0.2.0 | 62.00 | OK | |||
r-oldrel-macos-x86_64 | 0.2.0 | 179.00 | OK | |||
r-oldrel-windows-x86_64 | 0.2.0 | 8.00 | 115.00 | 123.00 | OK |
Version: 0.2.0
Check: data for non-ASCII characters
Result: NOTE
Note: found 160 marked UTF-8 strings
Flavors: r-devel-linux-x86_64-fedora-clang, r-devel-linux-x86_64-fedora-gcc