Last updated on 2024-05-13 05:52:34 CEST.
Flavor | Version | Tinstall | Tcheck | Ttotal | Status | Flags |
---|---|---|---|---|---|---|
r-devel-linux-x86_64-debian-clang | 6.0.0 | 315.81 | 282.17 | 597.98 | OK | |
r-devel-linux-x86_64-debian-gcc | 6.0.0 | 263.28 | 207.29 | 470.57 | OK | |
r-devel-linux-x86_64-fedora-clang | 6.0.0 | 800.23 | OK | |||
r-devel-linux-x86_64-fedora-gcc | 6.0.0 | 965.44 | OK | |||
r-devel-windows-x86_64 | 6.0.0 | 221.00 | 251.00 | 472.00 | OK | |
r-patched-linux-x86_64 | 6.0.0 | 302.89 | 269.64 | 572.53 | OK | |
r-release-linux-x86_64 | 6.0.0 | 301.25 | 270.28 | 571.53 | OK | |
r-release-macos-arm64 | 6.0.0 | 188.00 | NOTE | |||
r-release-macos-x86_64 | 6.0.0 | 318.00 | NOTE | |||
r-release-windows-x86_64 | 6.0.0 | 224.00 | 247.00 | 471.00 | OK | |
r-oldrel-macos-arm64 | 6.0.0 | 209.00 | NOTE | |||
r-oldrel-macos-x86_64 | 6.0.0 | 321.00 | NOTE | |||
r-oldrel-windows-x86_64 | 6.0.0 | 284.00 | 320.00 | 604.00 | OK |
Version: 6.0.0
Check: installed package size
Result: NOTE
installed size is 34.2Mb
sub-directories of 1Mb or more:
libs 33.9Mb
Flavors: r-release-macos-arm64, r-release-macos-x86_64, r-oldrel-macos-arm64, r-oldrel-macos-x86_64