Last updated on 2024-05-06 00:02:53 CEST.
Flavor | Version | Tinstall | Tcheck | Ttotal | Status | Flags |
---|---|---|---|---|---|---|
r-devel-linux-x86_64-debian-clang | 1.0.1 | 8.40 | 77.44 | 85.84 | NOTE | |
r-devel-linux-x86_64-debian-gcc | 1.0.1 | 6.03 | 57.24 | 63.27 | NOTE | |
r-devel-linux-x86_64-fedora-clang | 1.0.1 | 108.90 | NOTE | |||
r-devel-linux-x86_64-fedora-gcc | 1.0.1 | 112.84 | NOTE | |||
r-devel-windows-x86_64 | 1.0.1 | 7.00 | 69.00 | 76.00 | NOTE | |
r-patched-linux-x86_64 | 1.0.1 | 7.46 | 72.48 | 79.94 | NOTE | |
r-release-linux-x86_64 | 1.0.1 | 6.06 | 73.22 | 79.28 | NOTE | |
r-release-macos-arm64 | 1.0.1 | 37.00 | NOTE | |||
r-release-windows-x86_64 | 1.0.1 | 6.00 | 70.00 | 76.00 | NOTE | |
r-oldrel-macos-arm64 | 1.0.1 | 34.00 | NOTE | |||
r-oldrel-macos-x86_64 | 1.0.1 | 61.00 | NOTE | |||
r-oldrel-windows-x86_64 | 1.0.1 | 9.00 | 78.00 | 87.00 | NOTE |
Version: 1.0.1
Check: LazyData
Result: NOTE
'LazyData' is specified without a 'data' directory
Flavors: r-devel-linux-x86_64-debian-clang, r-devel-linux-x86_64-debian-gcc, r-devel-linux-x86_64-fedora-clang, r-devel-linux-x86_64-fedora-gcc, r-devel-windows-x86_64, r-patched-linux-x86_64, r-release-linux-x86_64, r-release-macos-arm64, r-release-windows-x86_64, r-oldrel-macos-arm64, r-oldrel-macos-x86_64, r-oldrel-windows-x86_64