Last updated on 2024-05-11 11:48:20 CEST.
Flavor | Version | Tinstall | Tcheck | Ttotal | Status | Flags |
---|---|---|---|---|---|---|
r-devel-linux-x86_64-debian-clang | 0.1.3 | 2.03 | 20.86 | 22.89 | NOTE | |
r-devel-linux-x86_64-debian-gcc | 0.1.3 | 1.63 | 16.31 | 17.94 | NOTE | |
r-devel-linux-x86_64-fedora-clang | 0.1.3 | 28.56 | NOTE | |||
r-devel-linux-x86_64-fedora-gcc | 0.1.3 | 32.78 | NOTE | |||
r-devel-windows-x86_64 | 0.1.3 | 3.00 | 39.00 | 42.00 | NOTE | |
r-patched-linux-x86_64 | 0.1.3 | 2.09 | 20.07 | 22.16 | NOTE | |
r-release-linux-x86_64 | 0.1.3 | 2.11 | 19.96 | 22.07 | NOTE | |
r-release-macos-arm64 | 0.1.3 | 15.00 | NOTE | |||
r-release-windows-x86_64 | 0.1.3 | 3.00 | 37.00 | 40.00 | NOTE | |
r-oldrel-macos-arm64 | 0.1.3 | 15.00 | NOTE | |||
r-oldrel-macos-x86_64 | 0.1.3 | 20.00 | NOTE | |||
r-oldrel-windows-x86_64 | 0.1.3 | 4.00 | 36.00 | 40.00 | NOTE |
Version: 0.1.3
Check: LazyData
Result: NOTE
'LazyData' is specified without a 'data' directory
Flavors: r-devel-linux-x86_64-debian-clang, r-devel-linux-x86_64-debian-gcc, r-devel-linux-x86_64-fedora-clang, r-devel-linux-x86_64-fedora-gcc, r-devel-windows-x86_64, r-patched-linux-x86_64, r-release-linux-x86_64, r-release-macos-arm64, r-release-windows-x86_64, r-oldrel-macos-arm64, r-oldrel-macos-x86_64, r-oldrel-windows-x86_64