Last updated on 2024-05-10 00:03:56 CEST.
Flavor | Version | Tinstall | Tcheck | Ttotal | Status | Flags |
---|---|---|---|---|---|---|
r-devel-linux-x86_64-debian-clang | 0.5.2 | 523.52 | 98.75 | 622.27 | OK | |
r-devel-linux-x86_64-debian-gcc | 0.5.2 | 420.08 | 69.49 | 489.57 | OK | |
r-devel-linux-x86_64-fedora-clang | 0.5.2 | 943.62 | OK | |||
r-devel-linux-x86_64-fedora-gcc | 0.5.2 | 1065.19 | OK | |||
r-devel-windows-x86_64 | 0.5.2 | 435.00 | 145.00 | 580.00 | OK | |
r-patched-linux-x86_64 | 0.5.2 | 525.55 | 89.67 | 615.22 | OK | |
r-release-linux-x86_64 | 0.5.2 | 530.54 | 91.26 | 621.80 | OK | |
r-release-macos-arm64 | 0.5.2 | 177.00 | NOTE | |||
r-release-windows-x86_64 | 0.5.2 | 436.00 | 141.00 | 577.00 | OK | |
r-oldrel-macos-arm64 | 0.5.2 | 198.00 | NOTE | |||
r-oldrel-macos-x86_64 | 0.5.2 | 222.00 | NOTE | |||
r-oldrel-windows-x86_64 | 0.5.2 | 540.00 | 165.00 | 705.00 | OK |
Version: 0.5.2
Check: installed package size
Result: NOTE
installed size is 26.2Mb
sub-directories of 1Mb or more:
libs 24.8Mb
Flavors: r-release-macos-arm64, r-oldrel-macos-arm64, r-oldrel-macos-x86_64