Last updated on 2024-05-07 11:55:04 CEST.
Flavor | Version | Tinstall | Tcheck | Ttotal | Status | Flags |
---|---|---|---|---|---|---|
r-devel-linux-x86_64-debian-clang | 2.0.1 | 38.70 | 166.08 | 204.78 | OK | |
r-devel-linux-x86_64-debian-gcc | 2.0.1 | 27.44 | 111.15 | 138.59 | OK | |
r-devel-linux-x86_64-fedora-clang | 2.0.1 | 269.30 | NOTE | |||
r-devel-linux-x86_64-fedora-gcc | 2.0.1 | 315.33 | OK | |||
r-devel-windows-x86_64 | 2.0.1 | 33.00 | 137.00 | 170.00 | NOTE | |
r-patched-linux-x86_64 | 2.0.1 | 35.43 | 151.26 | 186.69 | OK | |
r-release-linux-x86_64 | 2.0.1 | 37.90 | 148.00 | 185.90 | OK | |
r-release-macos-arm64 | 2.0.1 | 77.00 | NOTE | |||
r-release-windows-x86_64 | 2.0.1 | 32.00 | 135.00 | 167.00 | NOTE | |
r-oldrel-macos-arm64 | 2.0.1 | 81.00 | NOTE | |||
r-oldrel-macos-x86_64 | 2.0.1 | 139.00 | NOTE | |||
r-oldrel-windows-x86_64 | 2.0.1 | 39.00 | 168.00 | 207.00 | NOTE |
Version: 2.0.1
Check: installed package size
Result: NOTE
installed size is 5.7Mb
sub-directories of 1Mb or more:
data 3.3Mb
doc 2.1Mb
Flavors: r-devel-linux-x86_64-fedora-clang, r-devel-windows-x86_64, r-release-macos-arm64, r-release-windows-x86_64, r-oldrel-macos-arm64, r-oldrel-macos-x86_64, r-oldrel-windows-x86_64