Last updated on 2024-05-07 17:50:11 CEST.
Flavor | Version | Tinstall | Tcheck | Ttotal | Status | Flags |
---|---|---|---|---|---|---|
r-devel-linux-x86_64-debian-clang | 1.4-0 | 12.20 | 27.55 | 39.75 | OK | |
r-devel-linux-x86_64-debian-gcc | 1.4-0 | 9.61 | 21.20 | 30.81 | OK | |
r-devel-linux-x86_64-fedora-clang | 1.4-0 | 47.04 | NOTE | |||
r-devel-linux-x86_64-fedora-gcc | 1.4-0 | 50.54 | NOTE | |||
r-devel-windows-x86_64 | 1.4-0 | 23.00 | 51.00 | 74.00 | OK | |
r-patched-linux-x86_64 | 1.4-0 | 8.92 | 26.39 | 35.31 | OK | |
r-release-linux-x86_64 | 1.4-0 | 11.04 | 26.48 | 37.52 | OK | |
r-release-macos-arm64 | 1.4-0 | 21.00 | OK | |||
r-release-windows-x86_64 | 1.4-0 | 23.00 | 50.00 | 73.00 | OK | |
r-oldrel-macos-arm64 | 1.4-0 | 21.00 | OK | |||
r-oldrel-macos-x86_64 | 1.4-0 | 32.00 | OK | |||
r-oldrel-windows-x86_64 | 1.4-0 | 24.00 | 51.00 | 75.00 | OK |
Version: 1.4-0
Check: compiled code
Result: NOTE
File ‘ljr/libs/ljr.so’:
Found no calls to: ‘R_registerRoutines’, ‘R_useDynamicSymbols’
It is good practice to register native routines and to disable symbol
search.
See ‘Writing portable packages’ in the ‘Writing R Extensions’ manual.
Flavors: r-devel-linux-x86_64-fedora-clang, r-devel-linux-x86_64-fedora-gcc