Last updated on 2024-05-21 17:50:01 CEST.
Flavor | Version | Tinstall | Tcheck | Ttotal | Status | Flags |
---|---|---|---|---|---|---|
r-devel-linux-x86_64-debian-clang | 0.1.1 | 14.83 | 128.29 | 143.12 | OK | |
r-devel-linux-x86_64-debian-gcc | 0.1.1 | 11.10 | 93.26 | 104.36 | OK | |
r-devel-linux-x86_64-fedora-clang | 0.1.1 | 173.31 | NOTE | |||
r-devel-linux-x86_64-fedora-gcc | 0.1.1 | 171.91 | NOTE | |||
r-devel-windows-x86_64 | 0.1.1 | 13.00 | 102.00 | 115.00 | OK | |
r-patched-linux-x86_64 | 0.1.1 | 13.78 | 119.78 | 133.56 | OK | |
r-release-linux-x86_64 | 0.1.1 | 12.44 | 121.95 | 134.39 | OK | |
r-release-macos-arm64 | 0.1.1 | 51.00 | OK | |||
r-release-windows-x86_64 | 0.1.1 | 15.00 | 104.00 | 119.00 | OK | |
r-oldrel-macos-arm64 | 0.1.1 | 66.00 | OK | |||
r-oldrel-macos-x86_64 | 0.1.1 | 110.00 | OK | |||
r-oldrel-windows-x86_64 | 0.1.1 | 17.00 | 120.00 | 137.00 | OK |
Version: 0.1.1
Check: dependencies in R code
Result: NOTE
Namespace in Imports field not imported from: ‘lestat’
All declared Imports should be used.
Flavors: r-devel-linux-x86_64-fedora-clang, r-devel-linux-x86_64-fedora-gcc