Last updated on 2024-05-02 11:51:26 CEST.
Flavor | Version | Tinstall | Tcheck | Ttotal | Status | Flags |
---|---|---|---|---|---|---|
r-devel-linux-x86_64-debian-clang | 1.1.3 | 168.55 | 47.32 | 215.87 | OK | |
r-devel-linux-x86_64-debian-gcc | 1.1.3 | 130.11 | 34.83 | 164.94 | OK | |
r-devel-linux-x86_64-fedora-clang | 1.1.3 | 307.04 | OK | |||
r-devel-linux-x86_64-fedora-gcc | 1.1.3 | 312.73 | OK | |||
r-devel-windows-x86_64 | 1.1.3 | 119.00 | 76.00 | 195.00 | OK | |
r-patched-linux-x86_64 | 1.1.3 | 167.37 | 46.33 | 213.70 | OK | |
r-release-linux-x86_64 | 1.1.3 | 146.09 | 45.35 | 191.44 | OK | |
r-release-macos-arm64 | 1.1.3 | 55.00 | NOTE | |||
r-release-windows-x86_64 | 1.1.3 | 124.00 | 78.00 | 202.00 | OK | |
r-oldrel-macos-arm64 | 1.1.3 | 65.00 | NOTE | |||
r-oldrel-macos-x86_64 | 1.1.3 | 123.00 | NOTE | |||
r-oldrel-windows-x86_64 | 1.1.3 | 151.00 | 90.00 | 241.00 | OK |
Version: 1.1.3
Check: installed package size
Result: NOTE
installed size is 5.3Mb
sub-directories of 1Mb or more:
libs 5.1Mb
Flavors: r-release-macos-arm64, r-oldrel-macos-arm64, r-oldrel-macos-x86_64