Last updated on 2024-05-13 05:52:35 CEST.
Flavor | Version | Tinstall | Tcheck | Ttotal | Status | Flags |
---|---|---|---|---|---|---|
r-devel-linux-x86_64-debian-clang | 1.2.3 | 382.53 | 151.61 | 534.14 | OK | |
r-devel-linux-x86_64-debian-gcc | 1.2.3 | 309.32 | 106.05 | 415.37 | OK | |
r-devel-linux-x86_64-fedora-clang | 1.2.3 | 839.37 | OK | |||
r-devel-linux-x86_64-fedora-gcc | 1.2.3 | 896.03 | OK | |||
r-devel-windows-x86_64 | 1.2.3 | 292.00 | 168.00 | 460.00 | OK | |
r-patched-linux-x86_64 | 1.2.3 | 392.16 | 141.84 | 534.00 | OK | |
r-release-linux-x86_64 | 1.2.3 | 375.49 | 141.61 | 517.10 | OK | |
r-release-macos-arm64 | 1.2.3 | 166.00 | NOTE | |||
r-release-macos-x86_64 | 1.2.3 | 271.00 | NOTE | |||
r-release-windows-x86_64 | 1.2.3 | 287.00 | 169.00 | 456.00 | OK | |
r-oldrel-macos-arm64 | 1.2.3 | 168.00 | NOTE | |||
r-oldrel-macos-x86_64 | 1.2.3 | 305.00 | NOTE | |||
r-oldrel-windows-x86_64 | 1.2.3 | 354.00 | 195.00 | 549.00 | OK |
Version: 1.2.3
Check: installed package size
Result: NOTE
installed size is 24.9Mb
sub-directories of 1Mb or more:
libs 23.5Mb
Flavors: r-release-macos-arm64, r-release-macos-x86_64, r-oldrel-macos-arm64, r-oldrel-macos-x86_64