Last updated on 2024-05-09 17:51:32 CEST.
Flavor | Version | Tinstall | Tcheck | Ttotal | Status | Flags |
---|---|---|---|---|---|---|
r-devel-linux-x86_64-debian-clang | 0.2.1 | 6.57 | 58.03 | 64.60 | OK | |
r-devel-linux-x86_64-debian-gcc | 0.2.1 | 7.04 | 42.52 | 49.56 | OK | |
r-devel-linux-x86_64-fedora-clang | 0.2.1 | 81.44 | NOTE | |||
r-devel-linux-x86_64-fedora-gcc | 0.2.1 | 112.23 | NOTE | |||
r-devel-windows-x86_64 | 0.2.1 | 9.00 | 73.00 | 82.00 | OK | |
r-patched-linux-x86_64 | 0.2.1 | 7.49 | 55.10 | 62.59 | OK | |
r-release-linux-x86_64 | 0.2.1 | 5.45 | 54.14 | 59.59 | OK | |
r-release-macos-arm64 | 0.2.1 | 31.00 | OK | |||
r-release-windows-x86_64 | 0.2.1 | 8.00 | 67.00 | 75.00 | OK | |
r-oldrel-macos-arm64 | 0.2.1 | 33.00 | OK | |||
r-oldrel-macos-x86_64 | 0.2.1 | 40.00 | OK | |||
r-oldrel-windows-x86_64 | 0.2.1 | 10.00 | 71.00 | 81.00 | OK |
Version: 0.2.1
Check: dependencies in R code
Result: NOTE
Namespaces in Imports field not imported from:
‘cli’ ‘nomnoml’
All declared Imports should be used.
Flavors: r-devel-linux-x86_64-fedora-clang, r-devel-linux-x86_64-fedora-gcc