Last updated on 2024-05-10 00:03:58 CEST.
Flavor | Version | Tinstall | Tcheck | Ttotal | Status | Flags |
---|---|---|---|---|---|---|
r-devel-linux-x86_64-debian-clang | 1.4.1 | 52.06 | 479.52 | 531.58 | OK | |
r-devel-linux-x86_64-debian-gcc | 1.4.1 | 41.48 | 332.94 | 374.42 | OK | |
r-devel-linux-x86_64-fedora-clang | 1.4.1 | 637.99 | NOTE | |||
r-devel-linux-x86_64-fedora-gcc | 1.4.1 | 774.80 | NOTE | |||
r-devel-windows-x86_64 | 1.4.1 | 39.00 | 298.00 | 337.00 | OK | |
r-patched-linux-x86_64 | 1.4.1 | 41.45 | 454.46 | 495.91 | OK | |
r-release-linux-x86_64 | 1.4.1 | 31.99 | 447.68 | 479.67 | OK | |
r-release-macos-arm64 | 1.4.1 | 157.00 | OK | |||
r-release-windows-x86_64 | 1.4.1 | 39.00 | 295.00 | 334.00 | OK | |
r-oldrel-macos-arm64 | 1.4.1 | 188.00 | OK | |||
r-oldrel-macos-x86_64 | 1.4.1 | 320.00 | OK | |||
r-oldrel-windows-x86_64 | 1.4.1 | 54.00 | 404.00 | 458.00 | OK |
Version: 1.4.1
Check: data for non-ASCII characters
Result: NOTE
Note: found 25892 marked UTF-8 strings
Flavors: r-devel-linux-x86_64-fedora-clang, r-devel-linux-x86_64-fedora-gcc