Last updated on 2024-05-13 05:52:36 CEST.
Flavor | Version | Tinstall | Tcheck | Ttotal | Status | Flags |
---|---|---|---|---|---|---|
r-devel-linux-x86_64-debian-clang | 0.2.79 | 68.40 | 317.30 | 385.70 | OK | |
r-devel-linux-x86_64-debian-gcc | 0.2.79 | 61.47 | 241.09 | 302.56 | OK | |
r-devel-linux-x86_64-fedora-clang | 0.2.79 | 498.62 | NOTE | |||
r-devel-linux-x86_64-fedora-gcc | 0.2.79 | 590.84 | NOTE | |||
r-devel-windows-x86_64 | 0.2.79 | 67.00 | 287.00 | 354.00 | OK | |
r-patched-linux-x86_64 | 0.2.79 | 70.05 | 316.13 | 386.18 | OK | |
r-release-linux-x86_64 | 0.2.79 | 80.51 | 316.96 | 397.47 | OK | |
r-release-macos-arm64 | 0.2.79 | 156.00 | NOTE | |||
r-release-windows-x86_64 | 0.2.79 | 66.00 | 292.00 | 358.00 | OK | |
r-oldrel-macos-arm64 | 0.2.79 | 179.00 | NOTE | |||
r-oldrel-macos-x86_64 | 0.2.79 | 385.00 | NOTE | |||
r-oldrel-windows-x86_64 | 0.2.79 | 82.00 | 366.00 | 448.00 | OK |
Version: 0.2.79
Check: dependencies in R code
Result: NOTE
Namespace in Imports field not imported from: ‘softImpute’
All declared Imports should be used.
Flavors: r-devel-linux-x86_64-fedora-clang, r-devel-linux-x86_64-fedora-gcc
Version: 0.2.79
Check: installed package size
Result: NOTE
installed size is 8.3Mb
sub-directories of 1Mb or more:
libs 7.4Mb
Flavors: r-release-macos-arm64, r-oldrel-macos-arm64, r-oldrel-macos-x86_64