Last updated on 2024-05-10 00:03:59 CEST.
Flavor | Version | Tinstall | Tcheck | Ttotal | Status | Flags |
---|---|---|---|---|---|---|
r-devel-linux-x86_64-debian-clang | 1.0.0 | 18.86 | 147.94 | 166.80 | NOTE | |
r-devel-linux-x86_64-debian-gcc | 1.0.0 | 13.34 | 108.03 | 121.37 | NOTE | |
r-devel-linux-x86_64-fedora-clang | 1.0.0 | 208.17 | NOTE | |||
r-devel-linux-x86_64-fedora-gcc | 1.0.0 | 274.08 | NOTE | |||
r-devel-windows-x86_64 | 1.0.0 | 14.00 | 115.00 | 129.00 | NOTE | |
r-patched-linux-x86_64 | 1.0.0 | 12.11 | 139.87 | 151.98 | NOTE | |
r-release-linux-x86_64 | 1.0.0 | 11.21 | 135.61 | 146.82 | NOTE | |
r-release-macos-arm64 | 1.0.0 | 65.00 | NOTE | |||
r-release-windows-x86_64 | 1.0.0 | 14.00 | 117.00 | 131.00 | NOTE | |
r-oldrel-macos-arm64 | 1.0.0 | 72.00 | NOTE | |||
r-oldrel-macos-x86_64 | 1.0.0 | 110.00 | NOTE | |||
r-oldrel-windows-x86_64 | 1.0.0 | 20.00 | 140.00 | 160.00 | NOTE |
Version: 1.0.0
Check: package subdirectories
Result: NOTE
Problems with news in ‘NEWS.md’:
No news entries found.
Flavors: r-devel-linux-x86_64-debian-clang, r-devel-linux-x86_64-debian-gcc, r-devel-linux-x86_64-fedora-clang, r-devel-linux-x86_64-fedora-gcc, r-devel-windows-x86_64, r-patched-linux-x86_64, r-release-linux-x86_64, r-release-macos-arm64, r-release-windows-x86_64, r-oldrel-macos-arm64, r-oldrel-macos-x86_64, r-oldrel-windows-x86_64