Last updated on 2024-05-21 11:53:39 CEST.
Flavor | Version | Tinstall | Tcheck | Ttotal | Status | Flags |
---|---|---|---|---|---|---|
r-devel-linux-x86_64-debian-clang | 0.9.3 | 6.03 | 53.47 | 59.50 | OK | |
r-devel-linux-x86_64-debian-gcc | 0.9.3 | 4.12 | 41.01 | 45.13 | OK | |
r-devel-linux-x86_64-fedora-clang | 0.9.3 | 75.72 | NOTE | |||
r-devel-linux-x86_64-fedora-gcc | 0.9.3 | 71.41 | NOTE | |||
r-devel-windows-x86_64 | 0.9.3 | 7.00 | 71.00 | 78.00 | OK | |
r-patched-linux-x86_64 | 0.9.3 | 7.03 | 50.23 | 57.26 | OK | |
r-release-linux-x86_64 | 0.9.3 | 6.09 | 50.35 | 56.44 | OK | |
r-release-macos-arm64 | 0.9.3 | 32.00 | OK | |||
r-release-macos-x86_64 | 0.9.3 | 66.00 | OK | |||
r-release-windows-x86_64 | 0.9.3 | 7.00 | 72.00 | 79.00 | OK | |
r-oldrel-macos-arm64 | 0.9.3 | 34.00 | OK | |||
r-oldrel-macos-x86_64 | 0.9.3 | 55.00 | OK | |||
r-oldrel-windows-x86_64 | 0.9.3 | 8.00 | 78.00 | 86.00 | OK |
Version: 0.9.3
Check: data for non-ASCII characters
Result: NOTE
Note: found 1 marked UTF-8 string
Flavors: r-devel-linux-x86_64-fedora-clang, r-devel-linux-x86_64-fedora-gcc